site number?
False
Suppose 2*f - 2*p = -7*p + 502689, -3*f + 754045 = -4*p. Is f a prime number?
True
Suppose -20*p + 400191 = -289469. Is p composite?
False
Suppose 9642537 = -96*z + 52969411 + 57921158. Is z prime?
True
Let g = -88 + 355. Suppose -2*n - g = -3*q, -381 = 5*n - 3*q + 273. Let r = n - -364. Is r a prime number?
False
Let f = 12514 + 3795. Is f composite?
True
Is -2 + 4 + (18/9 - 9 - -351612) a composite number?
True
Let v be 14/(-91) + (163061/13 - 1). Suppose 0 = -4*d + 2*d - 5*w + v, 12542 = 2*d + 3*w. Is d a composite number?
False
Let v(i) = 1596*i**2 - 38*i + 1. Is v(-5) composite?
True
Suppose -13784 - 1374 = -2*a. Let h = -4399 + a. Suppose -h = -2*n - 182. Is n a composite number?
False
Suppose 40*v - 1238508 = 370732. Is v a composite number?
False
Is -1 - 20244192/(-100) - 2/(-25) a prime number?
True
Let k(n) = 2*n**3 - 17*n**2 - 22*n + 19. Suppose -2*x - 5 = -r - 1, 4 = r - 5*x. Suppose 0 = 3*v + 2*m - 65 + 17, -2*v + r*m = -16. Is k(v) prime?
True
Let f = 63 - 60. Suppose -12*b - 7767 = -f*b. Let z = b + 1740. Is z composite?
False
Is (113103 - -926)*(1 - (0 - 0)) prime?
False
Suppose 7*i = 9*i - 4. Suppose -2*t + 2*z + 496 = 0, 3*z + 1007 = 4*t + i*z. Suppose c - 4*q - 1776 + t = 0, -1532 = -c + q. Is c prime?
False
Let v be 2973 + 6*(-5)/(-15). Let u = 8244 - v. Is u a composite number?
True
Is ((-31)/93)/((-1)/(-3))*-24305 composite?
True
Suppose 4*y - 8584 = -2*l, 9602 = 4*y - 5*l + 1018. Suppose -9030 = 179*w - 87*w - 86*w. Let g = y + w. Is g a composite number?
False
Let f = 1 - 1. Suppose -2*x = -f*x + 6098. Let u = x - -6992. Is u a composite number?
False
Suppose -3*a - 1 = -7. Suppose 10 = -3*q - a. Is 217 + -2*(-2 - q) prime?
False
Suppose 4*c - 17 - 11 = 4*k, -9 = c + 3*k. Let p(b) = -c - 21*b + 26*b - 3. Is p(5) prime?
True
Let c = 984 - 984. Is (24502 + c)*(-37)/(-74) a composite number?
False
Let g be (-6)/15 - 20751/(-15). Let w(o) = 3*o**2 - 8*o + 7. Let c be w(2). Suppose -c*y + 1374 = -g. Is y prime?
True
Suppose -15*s - 24591 = -22*s. Suppose -z + s = -3*k, 6*z - 3513 = 5*z + k. Is z composite?
True
Let w(k) = 3*k**2 - 4*k - 3. Let p = 4 - 5. Let o be w(p). Suppose -2*s + 3*q + 6323 = 0, -3*s = -8*s + o*q + 15811. Is s composite?
False
Let l = 48972 - 19858. Is l a prime number?
False
Suppose 15*k + 234 - 924 = 0. Let s = -46 + k. Is 11/(33/420) + 3 + s composite?
True
Let f = -512 - -725. Let s = f + 706. Let n = -176 + s. Is n prime?
True
Let t = 4487 + -7261. Let j = t + 5169. Is j a composite number?
True
Suppose 13705 = 5*n - 21970. Is n prime?
False
Suppose -5*n = -10*n + 20. Suppose n*y - 2*y - 22 = 0. Suppose 1444 = -y*i + 15*i. Is i composite?
True
Let l = -204 + 216. Is (-3614)/(-12) + 2/l*-1 composite?
True
Let u be (-26)/(27/(-429) + (-4)/(-26)). Let o = u - -522. Suppose -o = -4*r + 8360. Is r composite?
True
Suppose 3*y = 5*k - 159053, -4*k = 1188*y - 1192*y - 127252. Is k a prime number?
False
Let g(o) = -o**2 - 8*o - 7. Let k be g(-6). Suppose -12*v + 8701 = -k*v. Is v composite?
True
Let s = 143 + -75. Suppose -s = -2*r - 1684. Let i = r - -2405. Is i prime?
True
Let p(a) = 1873*a**2 + 105*a - 641. Is p(11) composite?
False
Let d = 49255 + -21702. Is d composite?
True
Suppose -4*i - 88800 = -5*f - 2*i, 4*f - 71040 = 5*i. Is 2*(-2)/14 - f/(-224) prime?
True
Let q(n) = -5*n + 0 - n + 1. Let s(t) = t**3 - 4*t**2 + 9*t - 39. Let o be s(4). Is q(o) a prime number?
True
Let i = -46 + 61. Suppose i*q - 16*q + 17 = 0. Suppose q*w = 16*w + 37. Is w a prime number?
True
Suppose -5*c - 33*w = -28*w - 1119985, 0 = 2*c - 4*w - 447994. Is c a prime number?
False
Suppose 8*t - 232 - 4960 = 0. Is (-4 - 2) + (t + 1 - -3) a prime number?
True
Let s = 22 - 23. Is (-157)/(-11 + 9 + s/(-1)) composite?
False
Suppose 12*r - 54*r + 133936419 = 141*r. Is r prime?
True
Let w = 18578 + -8959. Is w a prime number?
True
Suppose 0 = -3*f - 15, -49 - 1 = -5*l + 5*f. Is l*8/10 + 6927 a composite number?
True
Let z(k) = 31 + 17 + 69 - 7 + 817*k - 8. Is z(11) a prime number?
False
Let v = -208 + 218. Suppose 4*i + v*c = 14*c + 18648, 0 = i + 4*c - 4682. Is i composite?
True
Suppose -4*t - 8 = -5*w, -w = -t - 3 + 2. Suppose 3847 = 4*d - 2*q + 451, -5*d - t*q + 4267 = 0. Is d composite?
True
Suppose 3*i - 16 = -a, -7*i + a + 19 = -3*i. Suppose 3*o = -15, -2*o + 5170 = i*n - 6*o. Suppose 5*z = -0*y - 5*y + n, -2*z = -4*y - 442. Is z a prime number?
True
Let m(r) = -9285*r + 5368. Is m(-29) a composite number?
True
Let j = 121040 + -72879. Is j prime?
False
Let t = 33965 - 15186. Is t prime?
False
Let j = 9711 - 16. Let i = -4116 + j. Is i prime?
False
Suppose -17*l - 35*l + 1383980 = -0*l. Is l composite?
True
Suppose 50 = 10*p + 10. Let t be p*(-1)/10*-5. Suppose -t*u = -2*v + 2379 - 321, -4*u = 8. Is v a prime number?
False
Let z be 1 - (-3)/(15/25). Suppose -z*s = 8 + 28. Is s/(-4)*(-2084)/(-6) a prime number?
True
Let g be (-32866)/(-10) - (-5)/25*-3. Let l = 4973 + g. Is l composite?
True
Let c(j) = -151*j**3 - 7*j**2 - 10*j + 4. Let z be c(-8). Suppose 66*i - 62*i = z. Is i a composite number?
False
Suppose 56*m - 57*m + 54919 = 0. Suppose 3*u + 4*w = m, -u + 4*w + 28060 = 9775. Is u a prime number?
True
Suppose 4*m + 5*h = 2*m + 22, -h - 16 = -3*m. Suppose -7*k + 6*k = -m. Suppose -3*x = u - 383, 3*u + k = -3*x + 393. Is x a composite number?
False
Suppose -x + 3*w - 4285 = -117752, 5*w = -20. Is x composite?
True
Suppose 2*y - 8*t + 5*t = 152654, -2*t = -y + 76325. Is y prime?
True
Let w = 2346 + -1388. Is w a prime number?
False
Let k be 2/4 + 4894/4. Suppose 4*l = 8*l - k. Let h = l + -211. Is h a composite number?
True
Is (62383/(-4))/(380/(-304)*1/5) a prime number?
True
Let y be 4/(4/(168/3)). Suppose 0 = 2*d + 3*h - 24, -5*h - y + 21 = -5*d. Is 32570/15 - 3/d a prime number?
False
Is ((-318)/(-24)*-1438)/((-5)/10) a prime number?
False
Let s = -26120 + 45597. Let d = s + -13661. Let b = d + -2013. Is b a composite number?
False
Suppose -4*b = 2*q - 1 - 1, -15 = 5*b. Suppose 5*o - 1 = -4*d - q, d + 4*o = 4. Is d/18 + 1199/9 a prime number?
False
Let q = -14 - -24. Let r be (-6)/(-5)*25/q. Suppose u + 2*u - 819 = -3*c, -r*u + 799 = -2*c. Is u prime?
True
Let z be (-3)/2*(-16)/6. Suppose -3*q = z*d + 113, -2*d + 2*q - 54 = 4*q. Let j = 19 - d. Is j composite?
True
Is (-14 - -20)/(78/2641379) composite?
False
Suppose -63*b - 6*b + 3865256 = 67*b. Is b composite?
True
Let q(n) = -68*n**2 + n. Suppose 0 = -4*h + h + 6. Let s be q(h). Let z = 397 + s. Is z prime?
True
Let d = 2 - -2. Suppose 0 = d*p - 0*p + 380. Let j = p - -504. Is j a composite number?
False
Let i = -18609 - -38647. Let c = i - 13841. Is c a composite number?
False
Suppose -2*j - 35*a + 2643570 = -37*a, -j + 1321793 = -5*a. Is j a prime number?
False
Let u = -25 - -32. Suppose 12 = u*b - 16. Is 4*64 + (-4)/(b*-1) prime?
True
Suppose 5*p = 12*p - 33726. Let w = -3277 + p. Is w a prime number?
False
Suppose -29*b - 42*b + 5297151 = -5040023. Is b a prime number?
False
Suppose -4*c + 358451 = 3*s, 4*s = 2*c + 142927 + 335037. Is s a composite number?
False
Suppose -64*r - 300080 = -3863736 - 1068600. Is r a prime number?
True
Suppose 0 = 38*x + 832335 - 53001281. Is x composite?
False
Suppose r + 4*j - 31013 = 0, 17*r = 21*r - 3*j - 124052. Is r composite?
False
Suppose -2*g + 358078 = -l, 2*g = -2*l + 286979 + 71111. Is g a prime number?
True
Let l(j) = j**2 - 3*j + 2. Let v be l(2). Suppose v*a + 2*k = -2*a + 8, -2*a - 5*k + 17 = 0. Is 208 + a*(-3 - -3) + 3 composite?
False
Is 4609563/159 - (-136)/3604 a composite number?
True
Suppose -33*b + 32*b = -5. Suppose -2*w - 551 = v, 4*w - b = -w. Is 2/(v/185 - -3) a prime number?
False
Let j be 0 + (1 - 5) + 0. Let c be 4/(-10) - (j - 36/(-10)). Let r(f) = f**2 + f + 2453. Is r(c) a prime number?
False
Suppose -21*k + 22*k = -12. Let c be (-1)/4 - ((-159705)/k)/(-15). Suppose -3*j - c = -4*j. Is j a prime number?
True
Let o(i) = -i**3 + 6*i**2 + 7*i. Let t be -3*1/3*-7. Let c be o(t). Suppose 0*g - 1282 = -4*d + 2*g, c = -g + 5. Is d composite?
True
Let b(o) = -468*o + 497. Is b(-25) composite?
False
Let l be (5 - -2)*(-3 + 6). Suppose -5*i = 2*i - l. Suppose -44 = -w + t + 1151, w = -i*t + 1195. Is w prime?
False
Let f = 5 + -13. Let v(k) be the second derivative of 23*k**4/12 + 5*k**3/2 -